*u = u - 4*a, -a = -5*u + 24. Suppose 4*y = -b + 22, -y = -u - 1. Let t be 4 - (1 + (5 - b)). Give v(t).
-14
Let a = 754 + -755. Let j(o) = -o. Determine j(a).
1
Let n = 303 + -298. Let l(j) be the third derivative of 8*j**2 + 1/12*j**4 + 0 - 1/6*j**3 + 1/30*j**6 + 0*j + 0*j**n. Give l(1).
5
Let a(n) = -n**2 + 7*n - 5. Let t be ((-12)/(-3)*-1)/((-4)/6). Calculate a(t).
1
Let p(v) = -3*v**2 - 20*v. Let y(g) be the second derivative of -g**4/6 - 13*g**3/6 - 14*g. Let a(m) = 5*p(m) - 8*y(m). What is a(-4)?
0
Let y(l) = -4*l**3 - 11*l**2 + 10*l - 8. Let x(m) = -11*m**3 + 8*m + 4*m**2 + m - 25 - 36*m**2 + 20*m. Let s(i) = 3*x(i) - 8*y(i). Calculate s(-9).
7
Let q = -103 - -74. Let f = 28 + q. Let n(t) = -4*t**3 - 2*t**3 - 1 - t - t. What is n(f)?
7
Suppose -863*l - 48 = -855*l. Let w(s) = -5*s - 31. Determine w(l).
-1
Let y(h) = -79*h + 11. Let r(v) = 224*v - 32. Let i(u) = -6*r(u) - 17*y(u). Suppose -g = 4*k - 4, -3*g = 2*g + 3*k - 3. Determine i(g).
5
Suppose -2*t - 34 = -4*a + 2*a, -3*t = -a + 21. Let i(q) = 20*q - 15. Let n(g) = -5*g + 4. Let d(x) = a*n(x) + 4*i(x). Calculate d(-2).
-10
Suppose -w + 56 - 66 = -c, 0 = -3*w - 2*c - 20. Let h(f) = -f**2 - 7*f + 13. Let s(q) = q**2 + 7*q - 12. Let l(v) = -4*h(v) - 5*s(v). Give l(w).
0
Suppose -10 = -a - 2*q, 0*q - 2*q = 4*a - 22. Let u(v) = -v**3 + 5*v**2 - v - 4. Calculate u(a).
8
Let w(s) = 13*s**2 + s. Let i(u) = -u. Let h(y) = 2*i(y) + 2*w(y). What is h(-1)?
26
Let l(t) = 17*t - 11. Let i(c) = 6*c - 4. Let o(x) = 8*i(x) - 3*l(x). Suppose -6*b = -2*b + 8. Calculate o(b).
7
Let w(t) = -t**2 + 10*t - 5. Let v = -273 + 281. Calculate w(v).
11
Let u = 429 + -430. Suppose -5*d = -3*y - 4, -8 = -5*y + 2*d - d. Let b(n) = -2 + 1 + 4*n**2 + 0*n**y. Calculate b(u).
3
Let t(i) = 4*i. Let s be (-4)/(-9) - 130/(-234). Calculate t(s).
4
Let h(t) = -t**2 - t + 2. Suppose 1 = 6*z - 17. Suppose -5*w - 2*s - 20 = 0, -z*w + 3*s = -4*w - 4. Calculate h(w).
-10
Let m(s) = s**2 - 4*s. Suppose -3*k = 6, 3*k = -5*v + 4*k + 42. Suppose -v*r + 84 = -4*r. Suppose z = -3*a + r, -5*z + a = -3*z - 7. What is m(z)?
12
Let o(d) = d**3 - 11*d**2 - 14*d + 16. Let j be (207/115)/(6/40). Determine o(j).
-8
Let t(q) = -q**3 + 3*q**2 - 3*q + 1. Let j be t(1). Let r(c) be the second derivative of 0*c**2 - 5*c + j + 0*c**3 - 7/20*c**5 + 0*c**4. What is r(-1)?
7
Let d be 75 + -67 + (-1 - 6). Let v(g) = -5*g + 2. Calculate v(d).
-3
Let c(f) = 5*f**3 - 12*f**2 + 12*f - 2. Let p(h) = -h**3 + h**2 - 2*h - 1. Let l(n) = c(n) + 6*p(n). What is l(-6)?
-8
Let c be (13 - (19 - 6)) + 0/2. Let n be (-5)/(-20) - (-7)/4. Let l(w) = w**n - 3*w**2 - 11 + 3*w**2. Determine l(c).
-11
Suppose 194*y - 5*p = 192*y - 23, -3*y = p - 8. Let k(a) = -5*a + 0*a + 0*a. Calculate k(y).
-5
Let t(x) = x**3 - 6*x**2 - x + 1. Let n(r) = -r**3 + 6*r**2 - 2. Let p be n(3). Let l = p - 43. Let m be (l/(-10))/3*10. Calculate t(m).
-5
Let k(b) = b - 1. Suppose 107*p + 917 = 61. What is k(p)?
-9
Let t(f) = 6*f**2 + 15*f + 10. Let p(a) = -7*a**2 - 16*a - 10. Let y(d) = 5*p(d) + 6*t(d). What is y(-7)?
-11
Suppose -3*q - 3*w - 1 = -13, -4*w + 22 = 5*q. Let f(o) be the second derivative of -5/6*o**3 + 2*o + 1/12*o**4 + 0 - 1/2*o**2. Determine f(q).
5
Let i be (-2 - -2)*4/8. Suppose 2*o - 4 = i, m - o + 12 = 6*m. Let l(a) = -3*a + 4*a**2 - 1 - 2 + a**m + 1 - a**3. What is l(4)?
2
Let b(z) be the second derivative of z**5/10 + z**4/4 + z**3/3 + z**2/2 + 118*z. Determine b(-2).
-7
Let y be 13/(39/(-12)) - 1. Let i(m) = m. Let x(j) = 5*j + 7. Let u(t) = -4*i(t) + x(t). Determine u(y).
2
Let d(m) be the second derivative of m**5/20 - 5*m**4/6 + 11*m**3/6 - 9*m**2/2 + 11*m. Let s be d(9). Let t(c) = -c**2 + 8*c + 12. Calculate t(s).
3
Let a(u) = -u - 2. Suppose 0 = 2*i - n + 1 + 2, i = 2*n. What is a(i)?
0
Let y(f) = -f + 1. Let k be (-1)/((-5)/(-5)) - 4. Let i be (k/1 + 0)/(3 - 2). What is y(i)?
6
Let f(c) = 33*c**2 + c + 1. Suppose -10*l = 8 + 2. Give f(l).
33
Let s(z) = 5*z - 4*z + z + 4. Let d be s(-1). Let j(n) = n. Calculate j(d).
2
Let j(f) = 6*f - 6. Let y be j(7). Suppose -y = 2*l + 4*l. Let r(g) = -g**2 - 6*g - 6. Calculate r(l).
-6
Let y(b) = b - 22. Suppose -346 + 96 = -50*h. What is y(h)?
-17
Let l(p) = 5*p**2 + 0*p**2 - 1 - 2*p**2 + 0*p + 4*p - 2*p. Suppose 0 = 3*w + 2*w + 10. Determine l(w).
7
Let f = -100 - -102. Let c(d) = -10*d**2 - 1 - d + 5*d**f + d**2 + 6*d**2. Give c(2).
5
Let h be (-8 + 2 - 3) + 3. Let l(w) = 3*w + 10 - 2*w - 6. Determine l(h).
-2
Suppose 0 = -n - 2*n + 27. Let d = 5 - n. Let p(i) = -5 + 3*i**2 - 3*i**2 + 4*i**2 - 5*i - 5*i**2. Calculate p(d).
-1
Let x(m) = m**3 - 6*m**2 + 11*m - 4. Let w be (-5 - 20/(-8))*8/(-5). Give x(w).
8
Let d(s) be the third derivative of s**4/8 - 2*s**3/3 + 3*s**2. Let a(n) = 6*n + 0*n + 49 - 56. Let c(r) = -3*a(r) + 5*d(r). Give c(2).
-5
Suppose 5*o - 15 = 0, 2*v + 3*o + 0 = 5. Let l be (-5 - v) + 7 + -2. Let n(f) = 8*f - f**3 + 4*f**2 - 5 - 13*f**2 + 13*f**l. What is n(5)?
10
Let j(o) = o**3 - o. Let y(a) = a**2 + 14*a + 6. Let m be y(-14). Let q be 3 - -6*(-3)/m. Determine j(q).
0
Let g(o) = 5 - o + 2*o - 8*o - 44 - 2*o + o**2. Give g(12).
-3
Let a(f) = -1261 - 6*f**2 + 1261 + 2*f**3 - f**3. Determine a(5).
-25
Let j(r) = 2*r**3 - 11*r - 5 - 4*r**3 + 3*r**3 + 12*r. Calculate j(0).
-5
Let s = 25 + -25. Suppose -4*l = 2*i - 4, s*i - 2*l + 2 = 2*i. Let t(d) = -11 - 8 - d + d**2 + 1 + 23. What is t(i)?
5
Let i(g) = -8 + 24*g + 14*g - 3*g**3 - 6*g**2 + 4*g**3 - 36*g. What is i(6)?
4
Let a(w) be the second derivative of w**4/12 + 2*w**3/3 - 7*w**2 + 7*w. Let b(i) be the first derivative of a(i). Calculate b(4).
12
Let r(l) = -12*l**2 + 8*l - 17*l + 48 - 3*l**2 - 6*l - 61 - l**3. Calculate r(-14).
1
Suppose 5*p - 11 = -56. Let x be 3/p*-3*-1. Let b(a) be the first derivative of 7*a**3/3 - a + 6. Determine b(x).
6
Let r(y) = 1. Let g be ((-15)/3 - 1) + 2. Let k(p) = -2*p + 5. Let s(t) = g*r(t) + k(t). Let v = 52 - 54. Calculate s(v).
5
Let t(b) be the third derivative of b**6/120 - 2*b**5/15 + 2*b**3/3 + 4*b**2. Suppose -w - 24 = -4*w. Determine t(w).
4
Let y(b) = b**2 - 12*b - 4. Suppose r - 3*r + 34 = 4*t, 4*r = 3*t + 46. Calculate y(r).
9
Let i be ((-16)/(-20))/(4/10). Suppose 0 = q - i*q + o + 8, 5*o = q - 20. Suppose 2*j + 5*p = -1, q*j - 6*p + p + 20 = 0. Let w(n) = 5*n + 2. Calculate w(j).
-13
Let f(g) be the third derivative of g**4/12 - 7*g**3/6 - 68*g**2. Let h(t) = t**2 - 2*t - 2. Let s be h(4). Give f(s).
5
Let y(v) = v**3 - 7*v**2 + 7*v - 7. Suppose f = 3*m - 15 - 1, -3*m + 22 = 2*f. Calculate y(m).
-1
Let z(k) = 4*k**2 + k - 2. Let a be z(1). Suppose -3*v = 2*t - 8*v - a, -5*t = 5*v + 10. Let m(x) = 22*x + x**3 - 24*x - 2*x**2 - 14*x**3 - 1. Determine m(t).
12
Suppose 0 = -3*u - 174 + 162. Let s(d) = -2*d**2 - 4*d + 4. Determine s(u).
-12
Let m(j) be the second derivative of -j**5/20 - j**4/4 + j**3/2 - j**2 + 16*j. Calculate m(-4).
2
Let z(m) = 4*m**3 - m**2 - m - 2. Let o(u) = -5*u**3 + 2*u**2 + u + 2. Let j(q) = 3*o(q) + 4*z(q). Let x be j(-2). Let r(c) = 2*c + 4. What is r(x)?
4
Let o(u) = 5*u - 118*u**2 + 240*u**2 - 120*u**2 - u + u - 11. Give o(-5).
14
Let w(p) = p**3 - 2*p**2 - p. Let i be (272/(-40))/(-2 + (-42)/(-20)). Let f = -65 - i. Determine w(f).
6
Let k(u) be the first derivative of 2*u**3/3 - 7*u**2 + 17*u - 120. What is k(5)?
-3
Let h(o) = o**2 + o + 1. Let w(y) = y**2 + 9*y + 16. Let d(j) = 2*h(j) - w(j). Determine d(9).
4
Let u(f) = 1. Let s(r) = r + 18. Let d(w) = -s(w) + 6*u(w). Calculate d(-4).
-8
Let t(w) = 3*w - 7. Let r be (3/(-2))/((-40)/160). What is t(r)?
11
Let z(s) = -28*s**3 - 30*s**3 + s - 3 + 91*s**3 - 34*s**3. Determine z(0).
-3
Suppose 11 = -2*f - 3*x, f + 5*x = 4*f + 7. Let b(p) = p + 1. Calculate b(f).
-3
Let p(g) = -6*g**3 + g**2 + 8*g + 6. Let c(i) = 7*i**3 - 2*i**2 - 8*i - 6. Let l(m) = 5*c(m) + 6*p(m). Suppose 16 + 34 = -5*u. Let j = u - -5. Determine l(j).
-9
Suppose 3*h = -2*h + 5*b + 5, 3*b = 5*h - 11. Let o(x) = -6*x + 15. Let a(r) = -3*r + 8. Let n(k) = -5*a(k) + 3*o(k). Give n(h).
-7
Suppose o + 4*i + 2 = -10, -4*o + 20 = -i. Let t(y) = y**3 - 4*y**2 + 2*y - 13. Determine t(o).
-5
Let i(b) = -2*b**3 - 31*b**2 + 90*b - 3. Let o be i(-18). Let c(m) = m**2 + 2*m - 3. What is c(o)?
0
Suppose 2 + 3 = v. Suppose 2*m + v = 3*m. Let b(r) = 7*r - 11. Let f(a) = 16*a 